{"id":8,"date":"2020-08-19T16:01:03","date_gmt":"2020-08-19T16:01:03","guid":{"rendered":"http:\/\/lidonandujar.es\/?page_id=8"},"modified":"2025-04-07T14:56:01","modified_gmt":"2025-04-07T14:56:01","slug":"inicio","status":"publish","type":"page","link":"http:\/\/lidonandujar.es\/","title":{"rendered":"Sobre Nosotros"},"content":{"rendered":"\n<p class=\"has-text-align-left\">Contamos con m\u00e1s de 30 a\u00f1os de experiencia administrando comunidades, siempre con una pol\u00edtica de transparencia y honestidad, con un trato cercano al cliente pero siempre profesional.<\/p>\n\n\n\n<p class=\"has-text-align-left\"><br>P\u00f3ngase en contacto con nosotros desde nuestra web por correo electr\u00f3nico o tel\u00e9fono y le asesoraremos, adem\u00e1s de poder ofrecerle otros servicios inmobiliarios como arrendamientos, compra venta, intermediaciones, etc.<\/p>\n","protected":false},"excerpt":{"rendered":"<p>Contamos con m\u00e1s de 30 a\u00f1os de experiencia administrando comunidades, siempre con una pol\u00edtica de transparencia y honestidad, con un trato cercano al cliente pero siempre profesional. P\u00f3ngase en contacto con nosotros desde nuestra web por correo electr\u00f3nico o tel\u00e9fono y le asesoraremos, adem\u00e1s de poder ofrecerle otros servicios inmobiliarios como arrendamientos, compra venta, intermediaciones, &hellip; <\/p>\n<p class=\"link-more\"><a href=\"http:\/\/lidonandujar.es\/\" class=\"more-link\">Continuar leyendo<span class=\"screen-reader-text\"> \u00abSobre Nosotros\u00bb<\/span><\/a><\/p>\n","protected":false},"author":1,"featured_media":0,"parent":0,"menu_order":0,"comment_status":"closed","ping_status":"closed","template":"","meta":[],"_links":{"self":[{"href":"http:\/\/lidonandujar.es\/index.php?rest_route=\/wp\/v2\/pages\/8"}],"collection":[{"href":"http:\/\/lidonandujar.es\/index.php?rest_route=\/wp\/v2\/pages"}],"about":[{"href":"http:\/\/lidonandujar.es\/index.php?rest_route=\/wp\/v2\/types\/page"}],"author":[{"embeddable":true,"href":"http:\/\/lidonandujar.es\/index.php?rest_route=\/wp\/v2\/users\/1"}],"replies":[{"embeddable":true,"href":"http:\/\/lidonandujar.es\/index.php?rest_route=%2Fwp%2Fv2%2Fcomments&post=8"}],"version-history":[{"count":8,"href":"http:\/\/lidonandujar.es\/index.php?rest_route=\/wp\/v2\/pages\/8\/revisions"}],"predecessor-version":[{"id":119,"href":"http:\/\/lidonandujar.es\/index.php?rest_route=\/wp\/v2\/pages\/8\/revisions\/119"}],"wp:attachment":[{"href":"http:\/\/lidonandujar.es\/index.php?rest_route=%2Fwp%2Fv2%2Fmedia&parent=8"}],"curies":[{"name":"wp","href":"https:\/\/api.w.org\/{rel}","templated":true}]}}